{"id":335,"date":"2013-05-29T21:02:46","date_gmt":"2013-05-29T19:02:46","guid":{"rendered":"http:\/\/www.fc-ostheim.de\/?page_id=335"},"modified":"2019-02-18T13:27:10","modified_gmt":"2019-02-18T11:27:10","slug":"kindergymnastik","status":"publish","type":"page","link":"https:\/\/www.fc-ostheim.de\/?page_id=335","title":{"rendered":"Kindergymnastik"},"content":{"rendered":"<a class=\"wpptopdf\" target=\"_blank\" rel=\"noindex,nofollow\" href=\"https:\/\/www.fc-ostheim.de\/?page_id=335&format=pdf\" title=\"Download PDF\"><img decoding=\"async\" alt=\"Download PDF\" src=\"https:\/\/www.fc-ostheim.de\/wp-content\/plugins\/wp-post-to-pdf\/asset\/images\/pdf.png\"><\/a><p style=\"text-align: justify;\"><span style=\"font-family: arial,helvetica,sans-serif; font-size: 10pt;\">Tanzen kann bei uns im FCO jeder, der Spa\u00df an Rhythmus und Bewegung in der Gruppe hat.<\/span><\/p>\n<p style=\"text-align: justify;\"><span style=\"font-family: arial,helvetica,sans-serif; font-size: 10pt;\">Die Gymnastikabteilung bietet nicht nur ein umfangreiches und interessantes Sportangebot f\u00fcr Erwachsene,<\/span><br \/>\n<span style=\"font-family: arial,helvetica,sans-serif; font-size: 10pt;\"> sondern auch f\u00fcr Kinder ab 5 Jahre, und zwar durchgehend \u00fcber das Teenager- bis ins Erwachsenenalter.<\/span><\/p>\n<p style=\"text-align: justify;\"><span style=\"font-family: arial,helvetica,sans-serif; font-size: 10pt;\">Den Kleinsten\u00a0bieten wir\u00a0phantasiereiche Gymnastikstunden, bei denen neben Spielen die Beweglichkeit des ganzen K\u00f6rpers ausprobiert wird.<\/span><br \/>\n<span style=\"font-family: arial,helvetica,sans-serif; font-size: 10pt;\"> Mit abwechslungsreichen Themen wie &#8222;Eine Reise um die Welt&#8220;, &#8222;Wir sind Ostheimer Fr\u00f6sche&#8220;, oder &#8222;Eine Safari durch den Dschungel&#8220; begeistern unsere \u00dcbungsleiterinnen die Kinder und vermitteln spielerisch Spa\u00df an einfachen Turn\u00fcbungen.<\/span><br \/>\n<span style=\"font-family: arial,helvetica,sans-serif; font-size: 10pt;\"> Einzel- und Partner\u00fcbungen werden zum Teil mit Kleinger\u00e4ten wie B\u00e4llen, Seilen, Bohnens\u00e4ckchen und vielem mehr durchgef\u00fchrt.<\/span><br \/>\n<span style=\"font-family: arial,helvetica,sans-serif; font-size: 10pt;\"> Auch Vorschl\u00e4ge der Kinder werden gerne aufgenommen, besprochen und ausgef\u00fchrt.<\/span><\/p>\n<p style=\"text-align: justify;\"><span style=\"font-family: arial,helvetica,sans-serif; font-size: 10pt;\">Au\u00dferdem werden in jeder Stunde musikalisch rhythmische Grundlagen geschaffen und altersgerechte T\u00e4nze einge\u00fcbt.\u00a0N\u00e4here\u00a0Informationen \u00fcber alle Gruppen erhalten Sie unter der Kategorie &#8222;Tanzgruppen&#8220;.<\/span><\/p>\n<p style=\"text-align: justify;\"><span style=\"font-family: arial,helvetica,sans-serif; font-size: 10pt;\">Die Gemeinschaft und der Spa\u00df miteinander sind ein wichtiger Bestandteil jeder einzelnen Gruppe.<\/span><br \/>\n<span style=\"font-family: arial,helvetica,sans-serif; font-size: 10pt;\"> Die Kinder kommen gerne und freuen sich \u00fcber die \u00dcbungsstunden und\u00a0die von den \u00dcbungsleiterinnen organisierten Auftritten, wie beispielsweise der ALIBABA KINDERFASCHING, an der KERB, bei der Gymnastik-WEIHNACHTSFEIER oder am VORF\u00dcHRNACHMITTAG.<\/span><\/p>\n<p style=\"text-align: justify;\"><span style=\"font-family: arial,helvetica,sans-serif; font-size: 10pt;\">Kurz vor den Sommerferien, zum Abschluss eines Sportjahres, findet immer ein gro\u00dfes SOMMERFEST f\u00fcr alle Kinder- und Jugendgruppen statt, wof\u00fcr sich die \u00dcbungsleiterinnen immer gemeinsam etwas Besonderes einfallen lassen. Es gab bereits eine Schnitzeljagd durch Ostheim, eine Sommerwanderung oder eine Abk\u00fchlung auf dem Sportplatz. <\/span><\/p>\n<p style=\"text-align: justify;\"><span style=\"font-family: arial,helvetica,sans-serif; font-size: 10pt;\">Au\u00dferdem bieten wir einmal im Jahr eine JUGENDFREIZEIT \u00fcber ein ganzes Wochenende f\u00fcr Kinder ab der 3. Klasse an!\u00a0<\/span><\/p>\n<p style=\"text-align: justify;\">\n<p style=\"text-align: justify;\"><a href=\"https:\/\/www.fc-ostheim.de\/wp-content\/uploads\/2013\/05\/Trainer.jpg\" target=\"_blank\" rel=\"noopener\"><img loading=\"lazy\" decoding=\"async\" class=\"size-medium wp-image-849 aligncenter\" src=\"https:\/\/www.fc-ostheim.de\/wp-content\/uploads\/2013\/05\/Trainer-300x199.jpg\" alt=\"Trainer\" width=\"300\" height=\"199\" srcset=\"https:\/\/www.fc-ostheim.de\/wp-content\/uploads\/2013\/05\/Trainer-300x199.jpg 300w, https:\/\/www.fc-ostheim.de\/wp-content\/uploads\/2013\/05\/Trainer.jpg 640w\" sizes=\"auto, (max-width: 300px) 100vw, 300px\" \/><\/a><br \/>\n<span style=\"font-family: arial,helvetica,sans-serif; font-size: 10pt;\">(Trainerinnen stehend von links: Rosi Malagrino M\u00fcller, Annette Gerch M\u00fcller, Tamara Marburger, Silke Sirsch, Sabine Schwabe, Nicole Spengler &#8211; \u00a0vorne von links: Lisa Spengler, Nicole \u00d6streich-Nelles, Marie M\u00fcller &#8211; es fehlen: Sophia Baumann, Lili Sipf, Louise Dauterich, Martina Billege)<\/span><\/p>\n<p style=\"text-align: justify;\"><span style=\"font-family: arial,helvetica,sans-serif; font-size: 10pt;\">Zusammen bilden wir eine Einheit, die sich gegenseitig hilft und austauscht, Veranstaltungen und Freizeiten organisiert und die \u00dcbungsstunden so auslegt, dass sie aufeinander aufbauen. So rutschen unsere Tanzm\u00e4dchen automatisch\u00a0in die n\u00e4chst h\u00f6here Gruppe und das ganz ohne Probleme und Umstellungen.<\/span><\/p>\n<p style=\"text-align: justify;\"><span style=\"font-family: arial,helvetica,sans-serif; font-size: 10pt;\">Interessiert?<\/span><br \/>\n<span style=\"font-family: arial,helvetica,sans-serif; font-size: 10pt;\"> Dann kommen Sie mit Ihrem Kind doch einfach mal vorbei, zum Zuschauen oder\u00a0auch zum\u00a0Mitmachen!<\/span><br \/>\n<span style=\"font-family: arial,helvetica,sans-serif; font-size: 10pt;\"> Anmeldungen oder Nachfragen sind jederzeit \u00fcber die \u00dcbungsleiterinnen m\u00f6glich.<\/span><\/p>\n","protected":false},"excerpt":{"rendered":"<p>Tanzen kann bei uns im FCO jeder, der Spa\u00df an Rhythmus und Bewegung in der Gruppe hat. Die Gymnastikabteilung bietet nicht nur ein umfangreiches und interessantes Sportangebot f\u00fcr Erwachsene, sondern auch f\u00fcr Kinder ab 5 Jahre, und zwar durchgehend \u00fcber <a class=\"more-link\" href=\"https:\/\/www.fc-ostheim.de\/?page_id=335\">weiterlesen&#8230;<\/a><\/p>\n","protected":false},"author":1,"featured_media":0,"parent":322,"menu_order":0,"comment_status":"closed","ping_status":"closed","template":"","meta":{"footnotes":""},"class_list":["post-335","page","type-page","status-publish","hentry"],"_links":{"self":[{"href":"https:\/\/www.fc-ostheim.de\/index.php?rest_route=\/wp\/v2\/pages\/335","targetHints":{"allow":["GET"]}}],"collection":[{"href":"https:\/\/www.fc-ostheim.de\/index.php?rest_route=\/wp\/v2\/pages"}],"about":[{"href":"https:\/\/www.fc-ostheim.de\/index.php?rest_route=\/wp\/v2\/types\/page"}],"author":[{"embeddable":true,"href":"https:\/\/www.fc-ostheim.de\/index.php?rest_route=\/wp\/v2\/users\/1"}],"replies":[{"embeddable":true,"href":"https:\/\/www.fc-ostheim.de\/index.php?rest_route=%2Fwp%2Fv2%2Fcomments&post=335"}],"version-history":[{"count":17,"href":"https:\/\/www.fc-ostheim.de\/index.php?rest_route=\/wp\/v2\/pages\/335\/revisions"}],"predecessor-version":[{"id":7727,"href":"https:\/\/www.fc-ostheim.de\/index.php?rest_route=\/wp\/v2\/pages\/335\/revisions\/7727"}],"up":[{"embeddable":true,"href":"https:\/\/www.fc-ostheim.de\/index.php?rest_route=\/wp\/v2\/pages\/322"}],"wp:attachment":[{"href":"https:\/\/www.fc-ostheim.de\/index.php?rest_route=%2Fwp%2Fv2%2Fmedia&parent=335"}],"curies":[{"name":"wp","href":"https:\/\/api.w.org\/{rel}","templated":true}]}}

<a class="wpptopdf" target="_blank" rel="noindex,nofollow" href="https://www.fc-ostheim.de/?page_id=335&format=pdf" title="Download PDF"><img decoding="async" alt="Download PDF" src="https://www.fc-ostheim.de/wp-content/plugins/wp-post-to-pdf/asset/images/pdf.png"></a><p style="text-align: justify;"><span style="font-family: arial,helvetica,sans-serif; font-size: 10pt;">Tanzen kann bei uns im FCO jeder, der Spaß an Rhythmus und Bewegung in der Gruppe hat.</span></p>
<p style="text-align: justify;"><span style="font-family: arial,helvetica,sans-serif; font-size: 10pt;">Die Gymnastikabteilung bietet nicht nur ein umfangreiches und interessantes Sportangebot für Erwachsene,</span><br />
<span style="font-family: arial,helvetica,sans-serif; font-size: 10pt;"> sondern auch für Kinder ab 5 Jahre, und zwar durchgehend über das Teenager- bis ins Erwachsenenalter.</span></p>
<p style="text-align: justify;"><span style="font-family: arial,helvetica,sans-serif; font-size: 10pt;">Den Kleinsten bieten wir phantasiereiche Gymnastikstunden, bei denen neben Spielen die Beweglichkeit des ganzen Körpers ausprobiert wird.</span><br />
<span style="font-family: arial,helvetica,sans-serif; font-size: 10pt;"> Mit abwechslungsreichen Themen wie &#8222;Eine Reise um die Welt&#8220;, &#8222;Wir sind Ostheimer Frösche&#8220;, oder &#8222;Eine Safari durch den Dschungel&#8220; begeistern unsere Übungsleiterinnen die Kinder und vermitteln spielerisch Spaß an einfachen Turnübungen.</span><br />
<span style="font-family: arial,helvetica,sans-serif; font-size: 10pt;"> Einzel- und Partnerübungen werden zum Teil mit Kleingeräten wie Bällen, Seilen, Bohnensäckchen und vielem mehr durchgeführt.</span><br />
<span style="font-family: arial,helvetica,sans-serif; font-size: 10pt;"> Auch Vorschläge der Kinder werden gerne aufgenommen, besprochen und ausgeführt.</span></p>
<p style="text-align: justify;"><span style="font-family: arial,helvetica,sans-serif; font-size: 10pt;">Außerdem werden in jeder Stunde musikalisch rhythmische Grundlagen geschaffen und altersgerechte Tänze eingeübt. Nähere Informationen über alle Gruppen erhalten Sie unter der Kategorie &#8222;Tanzgruppen&#8220;.</span></p>
<p style="text-align: justify;"><span style="font-family: arial,helvetica,sans-serif; font-size: 10pt;">Die Gemeinschaft und der Spaß miteinander sind ein wichtiger Bestandteil jeder einzelnen Gruppe.</span><br />
<span style="font-family: arial,helvetica,sans-serif; font-size: 10pt;"> Die Kinder kommen gerne und freuen sich über die Übungsstunden und die von den Übungsleiterinnen organisierten Auftritten, wie beispielsweise der ALIBABA KINDERFASCHING, an der KERB, bei der Gymnastik-WEIHNACHTSFEIER oder am VORFÜHRNACHMITTAG.</span></p>
<p style="text-align: justify;"><span style="font-family: arial,helvetica,sans-serif; font-size: 10pt;">Kurz vor den Sommerferien, zum Abschluss eines Sportjahres, findet immer ein großes SOMMERFEST für alle Kinder- und Jugendgruppen statt, wofür sich die Übungsleiterinnen immer gemeinsam etwas Besonderes einfallen lassen. Es gab bereits eine Schnitzeljagd durch Ostheim, eine Sommerwanderung oder eine Abkühlung auf dem Sportplatz. </span></p>
<p style="text-align: justify;"><span style="font-family: arial,helvetica,sans-serif; font-size: 10pt;">Außerdem bieten wir einmal im Jahr eine JUGENDFREIZEIT über ein ganzes Wochenende für Kinder ab der 3. Klasse an! </span></p>
<p style="text-align: justify;">
<p style="text-align: justify;"><a href="https://www.fc-ostheim.de/wp-content/uploads/2013/05/Trainer.jpg" target="_blank" rel="noopener"><img loading="lazy" decoding="async" class="size-medium wp-image-849 aligncenter" src="https://www.fc-ostheim.de/wp-content/uploads/2013/05/Trainer-300x199.jpg" alt="Trainer" width="300" height="199" srcset="https://www.fc-ostheim.de/wp-content/uploads/2013/05/Trainer-300x199.jpg 300w, https://www.fc-ostheim.de/wp-content/uploads/2013/05/Trainer.jpg 640w" sizes="auto, (max-width: 300px) 100vw, 300px" /></a><br />
<span style="font-family: arial,helvetica,sans-serif; font-size: 10pt;">(Trainerinnen stehend von links: Rosi Malagrino Müller, Annette Gerch Müller, Tamara Marburger, Silke Sirsch, Sabine Schwabe, Nicole Spengler &#8211;  vorne von links: Lisa Spengler, Nicole Östreich-Nelles, Marie Müller &#8211; es fehlen: Sophia Baumann, Lili Sipf, Louise Dauterich, Martina Billege)</span></p>
<p style="text-align: justify;"><span style="font-family: arial,helvetica,sans-serif; font-size: 10pt;">Zusammen bilden wir eine Einheit, die sich gegenseitig hilft und austauscht, Veranstaltungen und Freizeiten organisiert und die Übungsstunden so auslegt, dass sie aufeinander aufbauen. So rutschen unsere Tanzmädchen automatisch in die nächst höhere Gruppe und das ganz ohne Probleme und Umstellungen.</span></p>
<p style="text-align: justify;"><span style="font-family: arial,helvetica,sans-serif; font-size: 10pt;">Interessiert?</span><br />
<span style="font-family: arial,helvetica,sans-serif; font-size: 10pt;"> Dann kommen Sie mit Ihrem Kind doch einfach mal vorbei, zum Zuschauen oder auch zum Mitmachen!</span><br />
<span style="font-family: arial,helvetica,sans-serif; font-size: 10pt;"> Anmeldungen oder Nachfragen sind jederzeit über die Übungsleiterinnen möglich.</span></p>

<p>Tanzen kann bei uns im FCO jeder, der Spaß an Rhythmus und Bewegung in der Gruppe hat. Die Gymnastikabteilung bietet nicht nur ein umfangreiches und interessantes Sportangebot für Erwachsene, sondern auch für Kinder ab 5 Jahre, und zwar durchgehend über <a class="more-link" href="https://www.fc-ostheim.de/?page_id=335">weiterlesen&#8230;</a></p>
